 1455 = -20073. What is the tens digit of x?
2
Suppose -33902 = -8*t - 10150. What is the tens digit of t?
6
Let q = 19 + -30. Let a = q + 23. What is the units digit of 4*(-2 + a - 2)?
2
Suppose -6*b = -4*b - 14. Suppose -b*y + 10 = -o - 3*y, 2*o + 11 = -y. Let z(p) = p**2 + 5*p + 3. What is the units digit of z(o)?
9
Suppose -7*k + 6*k = -f - 7, 0 = -5*k - 2*f + 56. What is the tens digit of 250 - 2*(-15)/k?
5
Suppose 4*p = 3337 + 1919. What is the thousands digit of p?
1
Let k(q) be the first derivative of -q**4/4 - q**3/3 + 7*q**2/2 - 8*q - 25. What is the hundreds digit of k(-6)?
1
What is the tens digit of (-90)/(-12)*70/3?
7
Let p(d) = -35*d**3 + 34*d**3 + 4 + 0*d**2 + 0*d**2 - 11*d**2. Let x be p(-11). Suppose -3*f + 2*z = x*z - 145, f - z = 45. What is the units digit of f?
7
What is the thousands digit of 3/30*4 + (-452936)/(-110)?
4
Let i = -415 + 2770. What is the tens digit of i?
5
Let t(o) = -2*o - 4. Let r be t(-3). Suppose -4 + 14 = -r*i, 4*i - 26 = -2*b. Suppose -b = -z - 8. What is the tens digit of z?
1
Let w = -11 - -8. What is the units digit of (2/w)/(14/(-273))?
3
Suppose 2334 = 6*y + 6. What is the units digit of y?
8
Let b = 6 - 3. Let f(a) = 27 + 4*a**3 + 2*a**2 - 6*a**2 - 25 + b*a. What is the tens digit of f(2)?
2
Let z = -56 + 72. Let u = z + 21. What is the units digit of u?
7
Suppose 0 = 12*z - 14*z + 106. Let h = z - 14. What is the units digit of h?
9
Let c be 6/(-30) - -1*(-652)/(-10). Let b = 162 - c. What is the units digit of b?
7
Let m(x) = -55*x - 159. What is the tens digit of m(-26)?
7
Let l(v) = 4*v**2 + 8*v + 2. Let t be l(7). Let a = -157 + t. What is the units digit of a?
7
Let k be (-6)/(12/(-154)) + 1. Suppose 0 = -0*o - 3*o - k. Let y = 47 + o. What is the tens digit of y?
2
What is the tens digit of 556 - (2 + (-6)/(-9)*-6)?
5
Let u = 874 - 592. What is the units digit of u?
2
Suppose -2*y = z - 3*y - 18, -31 = -2*z + 3*y. Suppose z = -2*p + 135. What is the units digit of p?
6
Let v(y) = -79*y + 55. What is the hundreds digit of v(-27)?
1
Suppose -o = -6 + 1. Suppose -5*g = o, -g = -j + g - 8. Let z(k) = -4*k - 12. What is the tens digit of z(j)?
2
Let y(m) = -m**2 - 2*m + 1. Let f be y(-3). Let n = f + -10. What is the units digit of 17/((-4)/n*1)?
1
Let r(h) = 2*h**2 - 2*h - 3*h + 2*h. Let f be r(2). Suppose 2*s = 2*d + f*d - 80, -3*s + 56 = 2*d. What is the tens digit of d?
2
Suppose 3*d - 6*d + 126 = 0. Let g be 1/(((-32)/20)/(-8)). Let y = d + g. What is the tens digit of y?
4
Let x(s) = 3*s**2 - 6*s + s**2 - 3*s**2 + 5. Let h be x(5). Suppose h*b + 4*b = -5*u + 28, -38 = -4*u + 2*b. What is the units digit of u?
8
Let s = -93 - -1345. What is the thousands digit of s?
1
Let i(h) = 6*h + 3. Let k be i(-4). Let t = k + 42. What is the units digit of t?
1
Let n be 16/(0 - (-6)/9). Let m be (6/7)/(2/(-1106)). What is the units digit of 1/4 - m/n?
0
Let l(h) = -45*h - 6. Let w(b) = b + 2. Let y be w(-8). Let k be l(y). Suppose -2*n = 8, -5*o + 2*n = n - k. What is the tens digit of o?
5
Let x(z) = 3*z**2 + 34*z - 28. Suppose 0 = -3*t + 3*r - 42, -r - 1 = -0*r. What is the tens digit of x(t)?
3
Let x(a) = -2*a**3 - 2*a**2 + a + 6. What is the tens digit of x(-6)?
6
Suppose -3*g + 7*g = p - 3551, 0 = p - 2*g - 3551. What is the tens digit of p?
5
Let q be 0 - -3 - (5 + -6). Suppose -q*c - 10 = 2*y, -4*y + 5*c = y + 40. Let h(z) = -z**2 - 8*z. What is the units digit of h(y)?
7
Suppose 53*k - 58164 = 19375. What is the thousands digit of k?
1
Suppose u = 839 - 356. Let r be u/15 - (-5)/(-25). Suppose d - 2*w - r = 54, -4*d = 5*w - 279. What is the tens digit of d?
7
Let x be (13 - -1) + (-4)/(-2). Let p = -4 - -11. Let h = x - p. What is the units digit of h?
9
Let v(n) = -32*n + 111. What is the units digit of v(-12)?
5
Suppose -4*t + 17 = 137. Let y = 16 - 17. What is the tens digit of y/(((-11)/t)/(-11))?
3
Let m(q) = -2*q - 3*q + 14*q**2 - 10 + 8*q**2 - q**2. What is the tens digit of m(-2)?
8
Let y = 32 + 29. Suppose -10 = 5*m, -2*s = s - 5*m - y. What is the tens digit of s?
1
Suppose 15*a + a = 7936. What is the tens digit of a?
9
Let j(v) = -v**3 + 6*v**2 - 5*v + 5. Let p be j(5). Suppose -252 = -p*g - b + 69, -5*b - 251 = -4*g. What is the units digit of g?
4
Let w = -19 + 21. Suppose -w*r - i + 32 = -85, 4*r - 240 = -4*i. What is the tens digit of r?
5
Suppose -5*n + n - 3*q = -929, -926 = -4*n - 2*q. What is the tens digit of n?
3
Let u(q) = 3*q**2 - q + 1. Let x(d) = d + 2. Let r be x(-1). Let c be u(r). Suppose 0 = c*l + 6 - 87. What is the tens digit of l?
2
Let s(u) = 3*u + 14. Let f be s(-6). Let y be f/18 + 14/63. Suppose -3*r - 5*i + 44 = y, 0*r = 5*r - 4*i - 135. What is the tens digit of r?
2
Let h(d) be the third derivative of 9*d**2 + 23/24*d**4 + 1/6*d**3 + 0*d + 0. What is the tens digit of h(1)?
2
Suppose 3*u = -0*u - 3*i, 0 = -4*u - 5*i - 3. Suppose -2*n = -u*r + n + 285, 3*r - 2*n = 280. What is the units digit of r?
0
Let r(m) = 2*m + 9. Let p be r(-2). Suppose -3*u - 246 = -w, 3*w - 3*u = p*w - 510. What is the hundreds digit of w?
2
Suppose 7*b - 4 = 17. Let p = 13 + 7. Suppose -5*q + 21 = -x - p, -2*q + 30 = b*x. What is the units digit of q?
9
Let j(a) = 30*a**2 - 19*a + 5. Let y be j(-6). Suppose 385 + y = 8*i. What is the hundreds digit of i?
1
Let o = 190 + -94. Let r be (-2)/((-4)/o*2). Suppose -24*m - r = -25*m. What is the units digit of m?
4
Suppose 3*i + 205 = 3*s - 32, -25 = 5*i. Let o = s - 55. What is the units digit of o?
9
Let y(n) = -27*n + 19 - n**2 + 27*n. Suppose b - 4*u = -20, -2*b = 3*b + 4*u - 20. What is the tens digit of y(b)?
1
Let y be 0 + 5/1 + 1. Suppose m + 200 = y*m. What is the units digit of m?
0
Let i(q) = -21*q + 118. What is the hundreds digit of i(-25)?
6
Let f(i) = -i**3 + 12*i**2 - 11*i - 14. Let x be f(10). Suppose 2*v - 145 = -0*v - 5*w, w + x = v. What is the units digit of v?
5
Suppose -o - 47 = -211. What is the units digit of o?
4
Let q = 5 + 11. Suppose 2*u + 3*z + q = 0, 0 = -6*u + 4*u + 3*z + 8. What is the units digit of ((-30)/(-4))/((-1)/u)?
5
Let j = 25 + 33. Suppose 5*g - j = 227. What is the tens digit of g?
5
Suppose 6*d = -d + 5*d. Suppose 2*r + l = -0*r + 106, 3*r - 5*l - 172 = d. What is the tens digit of r?
5
Suppose 2*a - 6 - 4 = 0. Suppose -3*n - a*n = -872. What is the hundreds digit of n?
1
Let k = -318 - -169. Let l = 220 + k. Let u = l + -45. What is the tens digit of u?
2
Let g(w) = -145*w + 344. What is the units digit of g(-32)?
4
Let u = -17 + -8. What is the units digit of (-489)/(-5) + (-5)/u?
8
Let q(g) = -2*g - 7. Suppose -39 = -7*t - 144. What is the tens digit of q(t)?
2
Let s(r) = 4*r**2 - 11*r - 40. What is the tens digit of s(12)?
0
Suppose h + 4*w + 61 = 0, 2*h + 142 - 32 = -4*w. Let k = h + 119. What is the tens digit of k?
7
Let g be (-18)/27 + 26/(-6). What is the units digit of -471*3*g/45?
7
Suppose 3*r + 5*m = 6*r - 1069, -4*r + 2*m = -1416. What is the tens digit of r?
5
Let k(v) = -2*v**2 - 40*v - 38. Let i be k(-19). Suppose 13*h - 9*h - 1092 = i. What is the units digit of h?
3
Suppose 3*w + 4512 + 3660 = 3*m, 0 = 4*m - w - 10887. What is the tens digit of m?
2
Suppose 2*g + 0*g - 3674 = -4*k, -k + 896 = 5*g. What is the hundreds digit of k?
9
Let n(q) = -3*q**3 + 15*q**2 - 17*q + 10. Let r(g) = g**3 - 5*g**2 + 6*g - 3. Let l(a) = -3*n(a) - 8*r(a). What is the units digit of l(6)?
8
Let y = -1485 + 4032. What is the tens digit of (-3)/(-30) + y/30?
8
Let b = 96 + -148. Let r = 74 + b. What is the tens digit of r?
2
Let i(o) = 13*o**3 - 7*o**2 - 5*o + 43. What is the units digit of i(4)?
3
Suppose -3*h = 4*r - 3822, -6*h + 3840 = -3*h - 2*r. What is the thousands digit of h?
1
Let j(s) = -6*s + 141. What is the hundreds digit of j(0)?
1
Suppose 74*x = 5*x + 303255. What is the hundreds digit of x?
3
Let l(p) = -26*p - 26. Suppose -4*z + 6*c - 2*c - 20 = 0, -5*c - 5 = z. What is the units digit of l(z)?
4
Suppose 345 = 2*m + 3*m. Let b = 125 - m. What is the tens digit of b?
5
Suppose 0 = -4*f + 2*f - 280. Let d(t) = 7*t**3 - t. Let m be d(1). What is the tens digit of (-6)/18 - f/m?
2
Let y(i) = -21*i + 244. What is the tens digit of y(0)?
4
Suppose -4*z - 4*l = 924, 0 = -2*z + 5*l + 182 - 644. Let j = z + -15. What is the units digit of (-22)/(-55) - j/10?
5
Let c(x) = 6*x**2